{"id":68,"date":"2023-11-21T10:20:08","date_gmt":"2023-11-21T10:20:08","guid":{"rendered":"https:\/\/bee-cie.com\/?page_id=68"},"modified":"2023-11-27T14:24:27","modified_gmt":"2023-11-27T14:24:27","slug":"a-propos","status":"publish","type":"page","link":"https:\/\/bee-cie.com\/index.php\/a-propos\/","title":{"rendered":"A propos"},"content":{"rendered":"<div class=\"wp-block-image\">\n<figure class=\"aligncenter size-full is-resized\"><img decoding=\"async\" src=\"https:\/\/bee-cie.net\/wp-content\/uploads\/2023\/08\/LOGO_BLANC_CERCLE-BASELINE.png\" alt=\"\" class=\"wp-image-27\" style=\"width:148px;height:153px\"\/><\/figure><\/div>\n\n\n<p><strong>Qui sommes-nous ?<\/strong><strong><\/strong><\/p>\n\n\n\n<p>Cr\u00e9e en 2016, Bee &amp; Cie propose des actions de parrainage et prestations d\u2019animation en faveur de la biodiversit\u00e9, l&rsquo;environnement et le d\u00e9veloppement durable.<\/p>\n\n\n\n<p>C\u2019est avant tout une \u00e9quipe de passionn\u00e9s engag\u00e9s dans la promotion du r\u00f4le de l\u2019abeille pour la biodiversit\u00e9 et l\u2019environnement s\u2019appuyant sur un r\u00e9seau d\u2019apiculteurs locaux.<\/p>\n\n\n\n<p>L\u2019objectif de Bee &amp; Cie est de promouvoir le r\u00f4le et l&rsquo;importance de l&rsquo;abeille, de favoriser et d\u2019encourager les comportements vertueux sur le plan environnemental.<\/p>\n\n\n\n<p><strong>Nos convictions<\/strong><strong><\/strong><\/p>\n\n\n\n<p>Les abeilles jouent un r\u00f4le crucial dans l\u2019\u00e9quilibre environnemental et la biodiversit\u00e9 non seulement en tant que grand pollinisateur mais \u00e9galement comme maillon essentiel de tout un \u00e9cosyst\u00e8me local.<\/p>\n\n\n\n<p>Face au d\u00e9clin pr\u00e9occupant des populations d\u2019abeilles dans nos r\u00e9gions, Bee &amp; Cie est consciente que l\u2019apiculture locale a un r\u00f4le central dans la lutte pour sa sauvegarde par le maintien et le d\u00e9veloppement des colonies au niveau du territoire ainsi que la pr\u00e9servation de la biodiversit\u00e9.<\/p>\n\n\n\n<p>Au-del\u00e0 d\u2019un acte militant, la mission de Bee &amp; Cie est de pouvoir vous accompagner dans une dynamique collective originale de sensibilisation et de mobilisation de vos parties prenantes (collaborateurs, clients\u2026) dans votre d\u00e9marche de d\u00e9veloppement durable afin de promouvoir le r\u00f4le et l\u2019importance des abeilles dans l\u2019\u00e9quilibre des \u00e9cosyst\u00e8mes mais aussi de favoriser et d\u2019encourager les comportements vertueux sur le plan environnemental.<\/p>\n\n\n\n<p><strong>Nos pratiques<\/strong><strong><\/strong><\/p>\n\n\n\n<ul>\n<li>Soutien direct aux apiculteurs engag\u00e9s par un tarif d\u2019achat du miel compensant les pertes des colonies d\u2019abeilles avec prise en charge financi\u00e8re du conditionnement, \u00e9tiquetage, emballage et acheminement de la r\u00e9colte aupr\u00e8s des parrains<\/li>\n\n\n\n<li>Apport et \/ ou financement de graines mellif\u00e8res Bio aux apiculteurs<\/li>\n\n\n\n<li>Prise en charge des actions de parrainage : prospection, gestion des relations avec les parrains, proposition de prestations de services et de supports de communication<\/li>\n\n\n\n<li>Communication sur les abeilles en tant que pollinisateurs aupr\u00e8s d&rsquo;\u00e9l\u00e8ves d&rsquo;\u00e9tablissements scolaires et aupr\u00e8s d&rsquo;adultes au cours de conf\u00e9rences<\/li>\n<\/ul>\n\n\n\n<p><strong>Nos engagements<\/strong><strong><\/strong><\/p>\n\n\n\n<p>Bee &amp; Cie s\u2019est donn\u00e9 comme ligne de conduite les points suivants :<\/p>\n\n\n\n<ul>\n<li>Priorit\u00e9 \u00e0 la proximit\u00e9 et au d\u00e9veloppement local par l\u2019implication d\u2019apiculteurs proches g\u00e9ographiquement des Parrains<\/li>\n\n\n\n<li>Utilisation de mat\u00e9riaux r\u00e9utilisables\/recyclables pour les pots de miel<\/li>\n\n\n\n<li>Implication de fournisseurs locaux autant que possible et d&rsquo;\u00e9tablissements de r\u00e9insertion sociale et professionnelle de personnes en situation d&rsquo;handicap (E.S.A.T.)<\/li>\n\n\n\n<li>Minimisation de l\u2019usage du papier, utilisation de cartons recycl\u00e9s ainsi que d&rsquo;encres v\u00e9g\u00e9tales autant que possible<\/li>\n\n\n\n<li>Optimisation des d\u00e9placements<\/li>\n<\/ul>\n\n\n\n<p><strong>Les apiculteurs, qui sont-ils ?<\/strong><strong><\/strong><\/p>\n\n\n\n<p>Ce sont d\u2019abord des amoureux de la nature !<\/p>\n\n\n\n<p>Tous passionn\u00e9s de l\u2019apiculture, ils ont une terrible envie de transmettre leur go\u00fbt du terroir et des abeilles. Ils respectent les abeilles et font face au d\u00e9clin des colonies en essayant de les prot\u00e9ger du mieux qu\u2019ils le peuvent : cela passe par le choix d\u2019emplacements privil\u00e9gi\u00e9s tant au niveau de la configuration des lieux qu\u2019au niveau de la flore environnante, des actions permettant d\u2019\u00e9viter la prolif\u00e9ration d&rsquo;esp\u00e8ces invasives telles que le frelon asiatique et une surveillance accrue de l\u2019\u00e9tat de sant\u00e9 des colonies pour devancer toute d\u00e9claration d\u2019\u00e9pid\u00e9mie.<\/p>\n\n\n\n<p>Et pour aller plus loin et participer au \u00ab cercle vertueux \u00bb du d\u00e9veloppement de la vie apport\u00e9 par les abeilles, ils s\u00e8ment des graines de plantes mellif\u00e8res.<\/p>\n\n\n\n<p>Ce sont des apiculteurs professionnels ou pluriactifs ( ces derniers cumulent 2 activit\u00e9s et poss\u00e8dent de 31 \u00e0 150 ruches selon la classification nationale)<\/p>\n\n\n\n<p><strong>Mentions l\u00e9gales de Bee &amp; Cie<\/strong><strong><\/strong><\/p>\n\n\n\n<p>Bee &amp; Cie, Soci\u00e9t\u00e9 par Actions simplifi\u00e9e (soci\u00e9t\u00e9 \u00e0 associ\u00e9 unique), au capital de 8000 Euros situ\u00e9e au 28 Avenue du Bois \u2013 44470 CARQUEFOU &#8211; Tel. +33 6 95 97 86 05<br>Num\u00e9ro d\u2019immatriculation : R.C.S. Nantes 819 258 468<br>Num\u00e9ro de TVA intracommunautaire : FR86819258468<\/p>\n\n\n\n<p>En application de la loi 2000-719 du 1er ao\u00fbt 2000 relative \u00e0 la libert\u00e9 de communication, modifiant la loi 86-1067 du 30 septembre 1986 relative \u00e0 la libert\u00e9 de communication, vous trouverez ci-dessous les informations l\u00e9gales concernant ce site :<\/p>\n\n\n\n<p>La gestion \u00e9ditoriale du site www.bee-cie.com est assur\u00e9e par Bee &amp; Cie<\/p>\n\n\n\n<p>Responsable de la publication : Isabelle THOMAS<\/p>\n\n\n\n<p>Le nom de domaine bee-cie.net est la propri\u00e9t\u00e9 de la soci\u00e9t\u00e9 Bee &amp; Cie<\/p>\n\n\n\n<p>Bee &amp; Cie est une marque d\u00e9pos\u00e9e aupr\u00e8s de l\u2019INPI<\/p>\n\n\n\n<p>Cr\u00e9dits photos : l\u2019auteur de la photo de 1\u00e8re page est Anthony ROSSBACH<\/p>\n\n\n\n<p>Tout lien en direction du site de Bee &amp; Cie doit faire l&rsquo;objet d&rsquo;une autorisation pr\u00e9alable \u00e9crite. Bee &amp; Cie d\u00e9cline toute responsabilit\u00e9 concernant le contenu de sites li\u00e9s au site de Bee &amp; Cie, et plus g\u00e9n\u00e9ralement du fait de ces liens<\/p>\n\n\n\n<p>Protection des donn\u00e9es personnelles :<\/p>\n\n\n\n<p>Nous nous engageons \u00e0 prot\u00e9ger les donn\u00e9es qui vous sont personnelles. Toutes les donn\u00e9es personnelles vous concernant que nous avons recueillies sont trait\u00e9es avec la plus stricte confidentialit\u00e9, conform\u00e9ment aux dispositions de notre politique de protection des donn\u00e9es personnelles. Lors de vos achats, nous ne vous demandons que les informations indispensables pour assurer la qualit\u00e9 de nos services et du traitement de votre commande. Nous ne vendons pas, n&rsquo;\u00e9changeons pas, ne louons pas, ni ne pr\u00eatons ces informations \u00e0 des tiers.<br>Conform\u00e9ment \u00e0 la loi Informatique et Libert\u00e9s du 6 janvier 1978 (art. 34), vous disposez aupr\u00e8s de Bee &amp; Cie d&rsquo;un droit d&rsquo;acc\u00e8s, de rectification ou de suppression concernant les donn\u00e9es personnelles que nous pourrions \u00eatre amen\u00e9s \u00e0 recueillir (donn\u00e9es renseign\u00e9es par vous).<\/p>\n\n\n\n<p><strong>Pour nous contacter<\/strong><\/p>\n\n\n\n<p>Email : contact@bee-cie.com<\/p>\n\n\n\n<p>Tel. +33 6 95 97 86 05<\/p>\n","protected":false},"excerpt":{"rendered":"<p>Qui sommes-nous ? Cr\u00e9e en 2016, Bee &amp; Cie propose des actions de parrainage et prestations d\u2019animation en faveur de la biodiversit\u00e9, l&rsquo;environnement et le d\u00e9veloppement durable. C\u2019est avant tout une \u00e9quipe de passionn\u00e9s engag\u00e9s dans la promotion du r\u00f4le de l\u2019abeille pour la biodiversit\u00e9 et l\u2019environnement s\u2019appuyant sur un [&hellip;]<\/p>\n","protected":false},"author":1,"featured_media":0,"parent":0,"menu_order":0,"comment_status":"closed","ping_status":"closed","template":"","meta":{"footnotes":""},"_links":{"self":[{"href":"https:\/\/bee-cie.com\/index.php\/wp-json\/wp\/v2\/pages\/68"}],"collection":[{"href":"https:\/\/bee-cie.com\/index.php\/wp-json\/wp\/v2\/pages"}],"about":[{"href":"https:\/\/bee-cie.com\/index.php\/wp-json\/wp\/v2\/types\/page"}],"author":[{"embeddable":true,"href":"https:\/\/bee-cie.com\/index.php\/wp-json\/wp\/v2\/users\/1"}],"replies":[{"embeddable":true,"href":"https:\/\/bee-cie.com\/index.php\/wp-json\/wp\/v2\/comments?post=68"}],"version-history":[{"count":2,"href":"https:\/\/bee-cie.com\/index.php\/wp-json\/wp\/v2\/pages\/68\/revisions"}],"predecessor-version":[{"id":86,"href":"https:\/\/bee-cie.com\/index.php\/wp-json\/wp\/v2\/pages\/68\/revisions\/86"}],"wp:attachment":[{"href":"https:\/\/bee-cie.com\/index.php\/wp-json\/wp\/v2\/media?parent=68"}],"curies":[{"name":"wp","href":"https:\/\/api.w.org\/{rel}","templated":true}]}}